y(3). Suppose g*i - 3*w - 10 = 0, -i + 5*w + 13 = 2*i. Determine n(i).
5
Let p be 6*(-3)/(-2)*1. Suppose 5*j + 16 + p = 0. Let o(d) = -d**2 - 4*d + 5. What is o(j)?
0
Let s(o) = 2*o**3 - 6*o**2 + 3. Let d(k) = -3*k**3 + 12*k**2 + k - 7. Let x(q) = -3*d(q) - 5*s(q). Calculate x(-5).
-4
Let v(y) = y**3 - 1 + 110*y**2 - 111*y**2 + 3*y**3 + y. What is v(1)?
3
Let z(p) = -3*p**2 - 7*p - 8. Let m(k) = 4*k**2 + 7*k + 9. Let o(i) = 2*m(i) + 3*z(i). What is o(-4)?
6
Let t(a) = -a - 2. Let i be t(-2). Let n(v) = -4 + 1 + v**2 + i. Calculate n(3).
6
Suppose 0 = 3*a + 3*l - 0*l - 6, 4 = -a - 4*l. Suppose a*t = t. Let h(g) = -g**3 + g**2 + g - 7. Determine h(t).
-7
Let l = -17/39 + 10/13. Let p(t) be the first derivative of t - t**2 + l*t**3 + 2. Calculate p(1).
0
Let f(l) be the second derivative of l**5/20 - l**2 + 50*l. Calculate f(0).
-2
Let p(l) = -3*l**2 + 0 + 2*l - 2 - l + 3. Let q be -2 - (-3 + 2)*1. Determine p(q).
-3
Let h(d) = -14*d + 9. Let z(b) = 5*b - 3. Let f(j) = -4*h(j) - 11*z(j). Calculate f(-6).
-9
Let j(w) = -4*w - 1 - 14*w**2 + w**3 + 10*w**2 - w. Calculate j(5).
-1
Let m(z) = z - 11. Let k be m(6). Let q be (k/4)/(3/(-12)). Let g(v) = -5*v + 1. Let b(y) = -4*y + 1. Let r(x) = -4*b(x) + 3*g(x). Determine r(q).
4
Suppose u = -3*k - u, 0 = 3*k + 4*u. Let q(r) = 4*r - 5 + 6 + 6 + k - r**2. What is q(5)?
2
Let f = -3 - -6. Let u(p) = -8*p + 6*p + 4*p + 2*p - p**2. Give u(f).
3
Let x(m) = -m**3 + 4*m**2 - 3*m. Let q be (-6)/8 + (-45)/(-12). Calculate x(q).
0
Let q(j) = -j + 1. Let c be (-6 + 5)/(2/(-32)). Let y be (12/c)/((-2)/8). Let l be (-6)/(-9) - 1/y. Calculate q(l).
0
Let u(s) = s**3 - 4*s**2 - 6*s + 7. Let o be u(5). Suppose 1 = -2*p - 3*v - 3, -v = -p - o. Let x(n) = n**3 + n**2 - n + 1. What is x(p)?
-1
Let z = 6 - 4. Suppose l + z*h + 1 + 0 = 0, -l = -3*h - 4. Let v = -2 + l. Let o(r) = 10*r - 1. What is o(v)?
-11
Let d be 0 + (2 - (-4)/(-2)). Suppose 0 = 5*c + 5*o, c + 3*o + 4 = -d*o. Let b(m) be the first derivative of -m**3/3 + m**2 - 2*m - 14. Determine b(c).
-2
Let s(y) = -y**3 + 16*y**2 + 21*y**2 - 37*y**2. Determine s(1).
-1
Let j(n) = 4 - 39*n + 10*n**2 + 49*n + 4*n**3 - 5*n**3. Determine j(11).
-7
Let i(h) = h**2 + 6*h + 1. Let o(c) = -c + 1. Let f(a) = i(a) - o(a). Determine f(-6).
-6
Suppose 0 = -2*z + 4*z, -5*x = 3*z + 30. Let y(q) be the third derivative of q**4/24 + q**3 - 12*q**2. Give y(x).
0
Let q(j) = 2*j - 3 + 30*j**3 - 3*j**2 + 2*j - 27*j**3. Determine q(2).
17
Let j be (-14)/(-4)*24/14. Let k(m) = 4 + 3*m**3 - 4*m - 9 - 5*m**2 - 2*m**3. What is k(j)?
7
Let r(g) = -g + 7. Let z be (-1)/(-2) - (-11)/(-2). Let t = 9 - 11. Let l = t - z. Determine r(l).
4
Let d(v) = v**2 + v + 1. Let k(a) = a**3 + 2*a**2 - 15*a - 9. Let h(m) = -6*d(m) - k(m). Let z be h(-9). Let y(j) = -2 + 0 + 2*j + 0*j - j**2. Calculate y(z).
-5
Suppose h + 2*h + 15 = 0, 0 = s - 4*h - 22. Let n(d) = -7 + 3*d**s - d**3 + 2 + 14*d - 7*d. Suppose -y + 8 = m + 3, -19 = -5*m + y. Determine n(m).
7
Let n(l) = 10*l**2 + 3*l - 1. Let o(j) = 9*j**2 + 2*j - 1. Let f(k) = -6*n(k) + 7*o(k). Determine f(3).
14
Let r(u) = 1. Let c(j) = j - 6. Let l(m) = c(m) + 4*r(m). Let g be l(7). Let b(h) = -h - 12. Let a(o) = o + 18. Let i(f) = -5*a(f) - 7*b(f). Determine i(g).
4
Let d be (-6)/5*(-10)/(-3). Let j(w) = -2*w - 1 - 10 + w + 5. What is j(d)?
-2
Let q(n) = n - 5. Let x be 2/6 + 5/(-15). Give q(x).
-5
Suppose 5*c - 1 = p, 0*c - c - 4 = 4*p. Let n be (0/(c - -1))/(-2). Let m = n - 2. Let y(s) = s + 3. Determine y(m).
1
Let z(a) = 2*a + 1 + 29*a**2 - 5*a**2 - 7*a**2. Give z(-1).
16
Let t(d) = 2*d**3 - 2*d**2 + 1. Suppose -2*u - 4 = 24. Let m be (u/4)/(2/4). Let w = -6 - m. Calculate t(w).
1
Let u(h) = 3 - 4*h**2 + 9*h - 10*h - 3. Determine u(-1).
-3
Let m(h) = -h + 1. Let i(o) = -o - 12. Let s be i(-12). Let a be (-12 - s)*11/(-33). What is m(a)?
-3
Let k(d) = 7*d**3 - 3*d**2 + 2*d + 1. Let j(p) = 4*p**3 - 2*p**2 + p. Let z(l) = 5*j(l) - 3*k(l). Give z(0).
-3
Let x(l) be the second derivative of -l**4/12 + 5*l**3/3 - 9*l**2/2 - 62*l. Calculate x(9).
0
Let j(x) = x**3 + x**2 + 5*x + 4*x**2 + 6 - 2*x**3. Suppose -5*q = -29 - 1. Give j(q).
0
Let q(m) = -m**2 - 11*m + 11. Let p be q(-8). Suppose 4*h - p = -5*l + 7, -2*h - l = -18. Let c be (2 - -2)*(-10)/h. Let v(b) = b**2 + 5*b + 3. What is v(c)?
3
Let d(a) = -5*a**2 - 4*a - 6. Let g(q) = -14*q**2 - 11*q - 18. Let f(i) = -5*i**3 + i**2 - i + 1. Let w be f(1). Let c(m) = w*g(m) + 11*d(m). What is c(0)?
6
Let w(q) be the first derivative of 6 - q**2 - 2/3*q**3 + 0*q. What is w(-2)?
-4
Let o(q) = 2*q - 2. Let a be o(2). Let d(t) = 7 + t**3 - 19 + 5*t**2 + 5 - a*t. Calculate d(-5).
3
Let q(z) = -2*z - 4. Suppose f = 3, -6*f = 2*u - f - 9. Give q(u).
2
Let p(v) = 23*v**3 + 1. Let h be p(1). Suppose -2*y = 0, -2*k - k + 2*y - h = 0. Let o(n) = n**2 + 10*n + 9. What is o(k)?
-7
Suppose -5*i = -2*j - 12 + 60, 0 = 3*i + 3*j + 33. Let s(g) = -g**3 - 9*g**2 + 11*g + 12. What is s(i)?
2
Let q(m) be the third derivative of m**4/12 + m**3/2 + 4*m**2. Calculate q(-5).
-7
Let s(n) = 5*n - 2. Let d be (-1 - 0/2) + 8. Let u = d - 11. Let r be u*3/6*-1. Calculate s(r).
8
Let n(m) = -m**3 + 2*m**2 + 2*m + 3. Let k(g) = -2*g**3 + 5*g**2 + 4*g + 6. Let h(a) = -3*k(a) + 7*n(a). Let t = 1 - 3. Determine h(t).
3
Let u(b) = -3*b + 5. Suppose 5*l - 26 = -3*w, -l - 14 = -2*l - 5*w. Let a(j) = 2*j - 5. Let i(c) = l*u(c) + 5*a(c). Calculate i(-4).
3
Let d(u) be the first derivative of -u**5/60 + 5*u**3/6 - 7*u**2/2 - 2. Let o(a) be the second derivative of d(a). Determine o(-4).
-11
Let l(t) = 4*t - 6. Let p(r) = -r**2 + r - 1. Let b(q) = l(q) - p(q). Suppose -25 = d + 4*x, 0*d - d - 3*x - 20 = 0. Calculate b(d).
5
Let c(m) = -m**2 + m - 1. Let o(q) = -2*q**2 + 2*q - 2. Let l(g) = c(g) - o(g). Let y(u) = 4*u**2 + 3. Let s(t) = -6*l(t) + 2*y(t). What is s(-4)?
8
Let p(n) = -n**3 - 3*n**2 - 2*n + 2. Let a be p(-2). Let l = a - 5. Let s(u) = -3 + 0*u + 2*u - u. Determine s(l).
-6
Let t(j) = -j**3 - j**2. Let l be t(-1). Let w(k) = -10*k**3 + 10*k**3 - k**3 - 2*k + 3*k. Give w(l).
0
Let p = 6 + -4. Let h be (-4)/8 - 6/(-4). Let z(c) = 0 - 3*c + h - 2. What is z(p)?
-7
Let m = -10 + 0. Let f(a) = -a**3 - 10*a**2 - 7. Let n be f(m). Let k(y) = 2*y + 10. Give k(n).
-4
Let i(s) = -2*s**3 + 4*s**2 - 2*s - 2. Let v be i(2). Let j = 8 + v. Let u(a) = j*a - 3*a**3 + 7*a**3 - 4*a + 2*a**2 - 1 - 3*a**3. What is u(-2)?
3
Let g(h) = 2*h - 15. Let o be g(4). Let r(z) = z**2 + 6*z. Calculate r(o).
7
Let f(g) = 2 - 3967*g**2 - 2 + 3959*g**2. What is f(-1)?
-8
Suppose -f + 0 + 1 = 2*c, 0 = c + 3*f + 7. Let q(n) = 3 - n**3 + 2*n**3 + 0 + 4*n**c. Let m(x) = x**2 - 10*x + 12. Let j be m(8). Give q(j).
3
Let b = -6 + 16. Suppose -5*o + 4 = -3*c - 0, 2*c = -3*o + b. Let s(f) = -4 - 3*f + 2 + 1. Calculate s(o).
-7
Suppose 5*i + 3*s - 30 = 0, -28 = 2*i - 3*i - 5*s. Suppose 5 = 5*v - 5. Let k(a) = -6*a**v + 0*a + a**i + 3 - 2*a**3 - a - 1. Calculate k(-6).
8
Let h(k) = -k**3 - k**2 + 11. Suppose 3*d - 6*d = 21. Let m = d + 7. What is h(m)?
11
Let h(s) be the first derivative of -s**2/2 + 31. What is h(2)?
-2
Let v(y) = y**2 - 7*y + 7. Let w be v(6). Let x = 6 - w. Let c(d) = d**3 - 4*d**2 - 5*d + 1. Calculate c(x).
1
Let i(v) = v**3 - 7*v**2 - 8*v + 2. Let b be i(8). Let n(w) = w**2 - 23 + 27 - 2*w**b. Give n(0).
4
Suppose -3*s - 5*j + 14 = 0, -11 = 4*s - 9*s + 4*j. Let h be (-5)/((-20)/(-12)) + s. Let r(u) = u + 2. What is r(h)?
2
Let p = -1 - 4. Let m(k) = k**3 + 9*k**2 - 6*k - 12. Let a(r) = r**2 - r - 2. Let o(q) = -4*a(q) + m(q). What is o(p)?
6
Let g(p) = p - 2. Let b(r) = -r**2 + 4. Let o be b(2). What is g(o)?
-2
Suppose 5 = 4*p + t - 2, 2*p + 4 = -2*t. Let n(o) be the second derivative of 0*o**2 + 0 + 2/3*o**3 - 1/12*o**4 - 2*o. Determine n(p).
3
Let b(f) = -f. Suppose 0*h + 6 = -h. Let c be 1*(-1)/2*h. Determine b(c).
-3
Let a be ((-14)/4)/(2/24). Let v be (1/(-2))/(9/(-180)). Let m be 2/v + a/(-15). Let q(k) = k + 1. Give q(m).
4
Let j(r) be the second derivative of r**5/60 - r**4/4 + 5*r**3/6 + 3*r**2/2 + 2*r. Let y(d) be the first derivative of j(d). Determine y(5).
0
Let v(y) = y**2 - 5*y + 3. Suppose -5*f + 0*f - 24 = 4*d, 2*d = f + 2. Let g be (-1)/(d - 8/(-10)). Determine v(g).
3
Let j be (-16)/(-6) - (-9)/27. Let t(a) = 1 + 6*a - 11*a + j*a + 0*a. Gi